, -2*r = 0. Let z be (-2)/o + (-133)/(-28). Let n = 18 + 2. Calculate the highest common divisor of z and n.
5
Suppose 0*o - 2*o + 35 = -5*t, o = 0. Let h be 14/t + (1 - 0). Let l be h/((1 + 1)/(-2)). Calculate the highest common divisor of l and 5.
1
Let d be (-2)/9 - (-9512)/36. What is the greatest common divisor of 33 and d?
33
Suppose 5*t - 5*f - 3725 - 6410 = 0, -2*t + 4062 = -4*f. What is the highest common divisor of t and 17?
17
Let o = 152 + -102. Let m = o + -20. Calculate the greatest common factor of 90 and m.
30
Let j = 2 + 42. Let t(k) = k**3 + 4*k**2 - 6*k - 1. Let f be t(-5). Calculate the greatest common factor of j and f.
4
Suppose 0 = -3*l + c - 21 - 2, -l - 16 = -2*c. Let u be (l/((-24)/5))/(3/108). What is the highest common factor of u and 18?
9
Suppose -h + 3 = -2*v + 6*v, 2 = 5*v + 3*h. Suppose 2*r = 4*w - 5*w + v, 3*r + 3 = -w. Suppose -18 = -3*s + w. What is the highest common divisor of 18 and s?
9
Let d(n) = 2*n**3 - 6*n**2 - 11*n + 11. Let q be d(5). What is the highest common factor of q and 35?
7
Let h be (7 - 166/(-8))/(1/20). Calculate the highest common divisor of 444 and h.
111
Suppose -31*f + 24*f = -756. Let p = -60 + f. Calculate the greatest common divisor of p and 12.
12
Let l(j) = j + 2. Let c(k) = -3*k - 5. Let t(z) = 6*c(z) + 15*l(z). Let y be t(1). Let h be (9 + -3)/y + 8. What is the greatest common divisor of h and 24?
6
Let j = 239 + -118. Let x = -32 + j. Suppose 6*g - x = 127. What is the highest common divisor of 24 and g?
12
Suppose -3*v + 17*a + 565 = 12*a, 4*v - 710 = -2*a. What is the greatest common factor of 54 and v?
18
Let h = 11 - -45. Let j be 16/3 - (-4)/6. Suppose 3*u = j*u - 21. What is the greatest common factor of h and u?
7
Let h be (-4)/(-12) - 1472/(-12). Let p = h + -75. What is the highest common divisor of p and 36?
12
Suppose 1088 = -4*z + 1844. What is the highest common factor of 27 and z?
27
Let y be -4*(-7)/154 - 964/(-22). Suppose -y = 5*r - 9*r. Calculate the highest common factor of 77 and r.
11
Suppose c - 2*m - 10 = 0, -3*c - m - 16 + 53 = 0. What is the highest common divisor of c and 4?
4
Suppose -6 = j - 4*y, j = 2*j - 2*y + 10. Let t be (j/8)/((-5)/80). Calculate the highest common divisor of t and 28.
28
Let b = 471 - 255. What is the greatest common factor of b and 702?
54
Suppose -2*r + 15 = 13. Let g(x) = 17*x - 2. Let l be g(r). Let s = -13 - -16. What is the greatest common divisor of s and l?
3
Suppose -24 = -m + 5*u, -3*u - 16 = u. Suppose m*a + 4*g = 4, -3*g - 3 = -0*g. Calculate the greatest common factor of 5 and a.
1
Suppose 3*x - 2*a = -234, 4*x - 3*a = -a - 312. Let p = -57 - x. Calculate the highest common divisor of p and 21.
21
Let j = -182 - -206. What is the greatest common factor of 3 and j?
3
Suppose 65 = -4*x + 149. Let q = 6 - 3. Calculate the highest common divisor of x and q.
3
Suppose -3*f - 3*h = 199 - 1, 300 = -5*f + h. Let l = -134 + 285. Let a = l + f. Calculate the highest common divisor of 10 and a.
10
Let d(r) = -r**3 + 51*r**2 - 27*r + 49. Let a be d(50). What is the greatest common factor of a and 11?
11
Let j = -983 + 998. What is the greatest common divisor of 51 and j?
3
Let d(j) = j**3 - 2*j - 11. Let w be d(3). Let q(m) = m**2 + 9*m - 8. Let p be q(-10). Let i be 3 + p*10 + 2. Calculate the greatest common factor of i and w.
5
Let x be (11/(-3))/(14/(-210)). Calculate the highest common factor of 165 and x.
55
Suppose -5*r = -15, -5*j + 2*r - 36 = -0*j. Let w be 9/j + 44/8. Calculate the highest common factor of 1 and w.
1
Suppose 13*h - 91 = -0. Calculate the highest common factor of h and 791.
7
Let q(w) = -w**3 + 4*w**2 - w - 5. Let v be q(5). Let y = v - -42. What is the greatest common factor of y and 49?
7
Suppose -4*r + 12 = 0, 2*r - 1 = l - 136. What is the greatest common divisor of l and 235?
47
Suppose 2*g = -p + 202, -g + 0*p = -4*p - 83. What is the highest common divisor of g and 18?
9
Let y be 1460/25 - 2*2/10. Let z = -57 + y. Calculate the highest common factor of z and 5.
1
Let z(d) be the second derivative of d**3/6 - d**2 - 4*d. Let w be z(-2). Let o(x) = -18*x - 2. Let q be o(w). What is the highest common divisor of q and 28?
14
Let c(a) = -2*a + 272. Let g be c(0). Suppose o + 1 = 18. Calculate the greatest common divisor of o and g.
17
Let p be (6/15)/((-1)/(-115)). Let t = 73 - p. Calculate the highest common factor of t and 27.
27
Suppose -n - 2*p = -0*p - 3, 3*p - 12 = -3*n. Suppose 0 = -4*t + 3*u - 4*u + 1850, -2314 = -n*t - 2*u. What is the greatest common factor of 42 and t?
42
Let c = 3 - -2. Let q(d) = -d**3 + 4*d**2 - 2*d - 1. Let t = -1 - -4. Let z be q(t). Calculate the greatest common divisor of c and z.
1
Suppose -9*a + 8 = -28. What is the highest common factor of a and 12?
4
Let s(p) = -46*p**3 - 5*p**2 - 7*p - 14. Let q be s(-3). What is the greatest common factor of 28 and q?
28
Suppose -753*p + 747*p + 60 = 0. What is the greatest common divisor of 610 and p?
10
Let b(i) = i + 12. Let g = -16 - -24. Let r be b(g). What is the highest common factor of 20 and r?
20
Suppose 4*x - 54 - 30 = 0. Let d(t) = t**3 + 4*t**2 + t - 3. Let z be d(-3). Calculate the greatest common factor of x and z.
3
Let v be 6107/15 - ((-192)/(-90) - 2). Calculate the highest common divisor of 37 and v.
37
Let l(k) = 2*k**3 + 25*k**2 - 13*k + 10. Let p be l(-13). What is the highest common factor of 290 and p?
10
Let j = 63 + -58. Suppose h - 60 = -4*h + 5*z, 2*z + 75 = j*h. What is the greatest common divisor of h and 136?
17
Let j(u) = 2*u**3 + 37*u**2 - 24*u - 65. Let v be j(-19). What is the highest common divisor of 480 and v?
30
Suppose -3*y + 46 = 2*u, 7*u + y = 5*u + 54. What is the greatest common divisor of 493 and u?
29
Suppose -158*y + 546 = -152*y. What is the highest common divisor of y and 221?
13
Let k be 1*(1 - 0) - 34. Suppose n + 49 + 27 = -3*l, -5*n - 320 = 3*l. Let j = k - n. What is the greatest common factor of j and 28?
28
Let q be (-5)/(-5 - 0)*1. Let x be (-1)/(q/143)*-1. What is the greatest common divisor of 13 and x?
13
Suppose 21 = -3*a - 9. Let z be 17 + a/2*3/5. Calculate the highest common divisor of 70 and z.
14
Suppose 0 = 2*k + 6, 3*q + 2*k = 5*q - 10. Suppose -64 = -3*h + 4*y, q*h - 5*y - 45 = -0*h. What is the highest common divisor of h and 220?
20
Let g be 4/(3/(-5) - -1). Let j(m) = 2*m**2 + 17*m + 41. Let a be j(-9). Calculate the greatest common factor of a and g.
10
Let b be (12/(-14))/((-90)/2940). What is the greatest common factor of b and 28?
28
Let r be (-35)/(-21) - 1/(-3). Suppose -r*t = 2*t + 4*y - 656, -3*y - 12 = 0. Calculate the greatest common factor of 24 and t.
24
Suppose -5*s = -2*t - 756, 0*t - 4*t = 3*s - 438. Calculate the highest common factor of 12 and s.
6
Suppose 0*p - 38 = -3*r - 5*p, p = 2*r - 47. Calculate the highest common factor of 91 and r.
7
Let h = 21 + -17. Suppose 2*j - y = 103 - 17, h*j + 3*y = 182. Calculate the greatest common factor of j and 11.
11
Suppose 0 = -5*l - 7 - 18. Let f be (-23 - 1)/(l - -4). Suppose c = 4*g + 28, 2*c + 3*g - f = -c. Calculate the highest common factor of c and 60.
12
Let u(x) = -x + 2. Let f be u(0). Suppose -5*l - 4*s + 57 = -10, -f*s = -l + 5. Suppose 17*n - 55 = 12*n. Calculate the greatest common divisor of l and n.
11
Suppose -2*w + 0*w = -2*m - 24, 4*w = -3*m + 20. Calculate the highest common factor of 12 and w.
4
Let c = -556 - -558. Calculate the greatest common divisor of 146 and c.
2
Let p(y) = 118*y - 1038. Let i be p(10). What is the highest common factor of i and 4?
2
Let v(s) be the second derivative of -s**3/3 + 2*s**2 + 15*s. Let o be v(-10). Calculate the greatest common factor of 36 and o.
12
Suppose -3*k = 5*f - 144, 0 = 3*k - 5*f - 127 - 17. Let l(z) = 2*z**3 - 113*z**2 + 57*z - 40. Let g be l(56). Calculate the highest common factor of g and k.
16
Suppose 0 = -3*u - 2*a + 79 - 46, 0 = -2*u - 5*a + 33. Let l = 6 - 4. Suppose l*f = -0*f + 12. Calculate the highest common divisor of f and u.
3
Let o = 14 + 98. Suppose -2*k - 4*z + 82 = 0, 4*k - 5*z - o = -0*z. What is the highest common divisor of 11 and k?
11
Suppose 334 - 11194 = -6*k. Calculate the highest common factor of 10 and k.
10
Let q = -298 + 1290. Calculate the highest common factor of q and 32.
32
Let g = 19 + -